22110
In base 6, what is 20342 - -4?
20350
In base 4, what is -2332021 + -32?
-2332113
In base 10, what is 51440 + -6?
51434
In base 11, what is 630 + 269?
899
In base 16, what is b - -1301?
130c
In base 13, what is 3 - -620aa?
620b0
In base 10, what is -783 - -369?
-414
In base 3, what is 110100 + -12210101?
-12100001
In base 6, what is 455241 + -3?
455234
In base 3, what is 120000 - 21000?
22000
In base 15, what is -2 + -13d11a?
-13d11c
In base 15, what is 4 + -b3988?
-b3984
In base 12, what is 5 + -13a2?
-1399
In base 4, what is -11 - -2201123120?
2201123103
In base 9, what is -70475 + 1?
-70474
In base 6, what is -2 + 400?
354
In base 3, what is 102100002200 + 2?
102100002202
In base 3, what is -10012112222 + -11?
-10012120010
In base 16, what is -332 + -f3?
-425
In base 9, what is -63 + 14354?
14281
In base 10, what is 15 + 5933?
5948
In base 8, what is 2341546 - 5?
2341541
In base 10, what is -114730 + 0?
-114730
In base 15, what is -12106 + -3?
-12109
In base 13, what is 159 - -20a?
366
In base 2, what is -10011111111 + -1110011?
-10101110010
In base 5, what is 4113 + -4303?
-140
In base 11, what is -2 + 5214?
5212
In base 11, what is 19590 + 1?
19591
In base 5, what is -22 - 21213?
-21240
In base 2, what is -10000000 - -1000001000010?
111111000010
In base 14, what is -117 - -80?
-77
In base 13, what is 6635 + 3?
6638
In base 3, what is -10021121002 + -12?
-10021121021
In base 8, what is -10213141 + 5?
-10213134
In base 13, what is -69 - 111b?
-1187
In base 9, what is -877 + 15?
-862
In base 13, what is -133a82c - 5?
-133a834
In base 9, what is -11 - -114580?
114568
In base 16, what is -e8ee5 - -5?
-e8ee0
In base 6, what is 44130 - 4?
44122
In base 12, what is -133314 - -6?
-13330a
In base 3, what is 2020 + -110220?
-101200
In base 3, what is 22012202 - 2000?
22010202
In base 6, what is -1 - -233034?
233033
In base 9, what is -76 + -26610?
-26686
In base 12, what is 152 - -4761?
48b3
In base 16, what is -3 + 7e3c?
7e39
In base 9, what is -37 + -1768?
-1816
In base 13, what is -1a3c3 + 4?
-1a3bc
In base 16, what is -11f - -e0?
-3f
In base 2, what is 10111 - 1010100111101?
-1010100100110
In base 11, what is 5450 - 3?
5448
In base 9, what is -12328 - -4?
-12324
In base 6, what is 1 + 144222?
144223
In base 7, what is 1363 + 3013?
4406
In base 10, what is -383977 + -3?
-383980
In base 5, what is -2 - 1321123?
-1321130
In base 9, what is -164 + -76?
-251
In base 4, what is 2 - 11020003202?
-11020003200
In base 9, what is 6220 - 206?
6013
In base 14, what is 2 + -32b?
-329
In base 16, what is 22 - -ec7?
ee9
In base 7, what is 0 + 41240?
41240
In base 13, what is 373c4 - 5?
373bc
In base 12, what is 41a5 - -2?
41a7
In base 8, what is 5123 - 6?
5115
In base 14, what is -160a - 0?
-160a
In base 8, what is -1170 + 2554?
1364
In base 10, what is 0 + 4219?
4219
In base 11, what is 421 - 17?
405
In base 13, what is 88944 - -5?
88949
In base 16, what is -8 + -27a8?
-27b0
In base 11, what is 1 + -a6956?
-a6955
In base 16, what is 7a8c - -33?
7abf
In base 4, what is -102 - 31231?
-31333
In base 9, what is -10 + -11504?
-11514
In base 7, what is -50 + 4531?
4451
In base 8, what is -2341 - -17?
-2322
In base 4, what is 23 + 110?
133
In base 9, what is 134233 + -4?
134228
In base 10, what is 3 + 613925?
613928
In base 7, what is 521 - -16334?
20155
In base 13, what is 90 - -630?
6c0
In base 16, what is -4 - -792a?
7926
In base 10, what is -10935 - -3?
-10932
In base 14, what is 5b52 - 25?
5b2b
In base 2, what is 1101101 - -10000000000000?
10000001101101
In base 16, what is -16af4 + -4?
-16af8
In base 6, what is 14 + -101552?
-101534
In base 8, what is -3357163 - 6?
-3357171
In base 15, what is -26 - 1019?
-1040
In base 5, what is -2 + -20440314?
-20440321
In base 9, what is 5834 - -11?
5845
In base 2, what is 10011010001111101110 - -101?
10011010001111110011
In base 10, what is -5 - -5751?
5746
In base 15, what is 2 + 37c58?
37c5a
In base 8, what is -1 - 31235?
-31236
In base 15, what is c4 + 3644?
3718
In base 14, what is -5 - 732?
-737
In base 2, what is 0 + -1000010111100?
-1000010111100
In base 7, what is 33030 - 0?
33030
In base 3, what is -10101 + 12211120?
12201012
In base 12, what is -127 + -a?
-135
In base 9, what is 20552 - -10?
20562
In base 11, what is 15 + 1379?
1393
In base 13, what is 47a9 + 5a?
4836
In base 6, what is -134055 + 2?
-134053
In base 5, what is 3341 - -2342?
11233
In base 4, what is 32201101 - 0?
32201101
In base 4, what is 2303030 - -11?
2303101
In base 16, what is 3437 - -4?
343b
In base 4, what is -30221311 + 0?
-30221311
In base 12, what is -3 - 859?
-860
In base 9, what is -11 - 163888?
-164010
In base 5, what is 21321 + 31?
21402
In base 4, what is -2003231222 + -3?
-2003231231
In base 5, what is 10 + -1001402?
-1001342
In base 12, what is a527 - -6?
a531
In base 16, what is -7b + -b8?
-133
In base 6, what is 2514 - -133?
3051
In base 10, what is 27 + 44505?
44532
In base 14, what is 3bbd + -91?
3b2c
In base 11, what is -4 - -72391?
72388
In base 13, what is -4 - 5885?
-5889
In base 15, what is 3 - -1ca27?
1ca2a
In base 9, what is -201872 + -1?
-201873
In base 15, what is 4 + -124605?
-124601
In base 5, what is -111 + 412222?
412111
In base 16, what is -19b6 - 1?
-19b7
In base 6, what is -103223 - 0?
-103223
In base 15, what is -1a8 + 71e?
566
In base 9, what is 2465 + -13?
2452
In base 8, what is 27 - -147255?
147304
In base 13, what is 38457 - 42?
38415
In base 15, what is 3283 + 4?
3287
In base 5, what is -2034113124 - 2?
-2034113131
In base 7, what is 45 - -46125?
46203
In base 16, what is -c021c - -2?
-c021a
In base 3, what is -20101022111 - 0?
-20101022111
In base 14, what is -2 - -b517?
b515
In base 4, what is -223233 + -2133?
-232032
In base 6, what is -2500434 + -10?
-2500444
In base 8, what is 2146 - -25?
2173
In base 6, what is 4411421 + -2?
4411415
In base 12, what is 1 + 133a29?
133a2a
In base 14, what is b - -1531?
153c
In base 2, what is 100010101 - -11100010011?
100000101000
In base 3, what is 21001220100 - 11?
21001220012
In base 15, what is 31 - 8c?
-5b
In base 15, what is 68 + -e?
59
In base 6, what is -355322 + -3?
-355325
In base 2, what is 110110010 - -1100011?
1000010101
In base 16, what is 1dde5 - -45?
1de2a
In base 6, what is -23053404 - -2?
-23053402
In base 8, what is -273706 - 0?
-273706
In base 2, what is -101 - -1001010011001?
1001010010100
In base 16, what is 4 + 159ab?
159af
In base 3, what is 20211102 + 2?
20211111
In base 7, what is -3344425 - -15?
-3344410
In base 15, what is -30e63 + 4?
-30e5e
In base 14, what is -469564 - 0?
-469564
In base 3, what is 1 + -1100220001000?
-1100220000222
In base 9, what is -1 + -562631?
-562632
In base 12, what is -1 - 175127?
-175128
In base 3, what is 2211220 - 21?
2211122
In base 4, what is -33 - -3231?
3132
In base 5, what is 3424 - -13223?
22202
In base 11, what is a03979 - 3?
a03976
In base 12, what is -48 - 44?
-90
In base 5, what is 10 + 21313442?
21314002
In base 9, what is -652275 - -5?
-652270
In base 9, what is -33 + -74445?
-74478
In base 7, what is -14662020 - -2?
-14662015
In base 8, what is 252172 - 0?
252172
In base 13, what is -78 + 17?
-61
In base 15, what is -132e4 - -2?
-132e2
In base 9, what is 305 + -76?
218
In base 10, what is 477 - 58?
419
In base 9, what is 1 + -185885?
-185884
In base 5, what is 14 - 224031?
-224012
In base 9, what is -2 - -215654?
215652
In base 12, what is -12612 - -1b?
-125b3
In base 3, what is 0 - -2020101?
2020101
In base 6, what is -502 + 5401?
4455
In base 16, what is 19c - 53?
149
In base 15, what is -18 - -201?
1d8
In base 2, what is 110 + -10010101011110000?
-10010101011101010
In base 16, what is 41 + 1f4?
235
In base 6, what is -42105 + 1?
-42104
In base 3, what is 22011111000010 - 10?
22011111000000
In base 3, what is -11 + 100020111?
100020100
In base 13, what is 30802 + 1?
30803
In base 2, what is 100100110 + -10010111010?
-1110010100
In base 11, what is 134 + -62?
82
In base 6, what is 2 + 1532?
1534
In base 9, what is 47 - 616?
-558
In base 4, what is -1030020 - 10220?
-1100300
In base 6, what is 0 - -3155342?
3155342
In base 9, what is 1566621 + 5?
1566626
In base 10, what is -4 + 22497?
22493
In base 5, what is -343240 - 41?
-343331
In base 10, what is -635173 + -1?
-635174
In base 7, wh